reatest common factor of i and 10?
10
Let r = 35 - 11. Let v = -66 - -150. Let x = v + -36. What is the highest common divisor of x and r?
24
Suppose 0 = -4*l - 13 + 41. Suppose -3*g - 2*r + 0*r = -89, r = 2*g - 50. Suppose 29*a - g*a = 112. Calculate the greatest common factor of l and a.
7
Let k(w) = 3*w + 17*w + 5*w - 6 - w. Let g be k(1). Calculate the highest common divisor of g and 2.
2
Suppose 4*t - 473 - 167 = 0. Let r = t + -112. Suppose 0 = v - 4*l - 16, -5*l + 48 = 57*v - 54*v. What is the highest common divisor of v and r?
16
Let c = -67 - -125. Let k be -1 - 1851/45 - 2/(-15). Let b = k + c. Calculate the highest common factor of b and 8.
8
Let t = 69 - -1. Calculate the greatest common factor of 385 and t.
35
Let r(k) = k - 4. Let f be r(-6). Let m(y) = -y**2 - 11*y - 7. Let i be m(f). Suppose o - 62 = i. What is the highest common factor of 13 and o?
13
Suppose 0 = -3*n + n + 4*u + 38, -36 = -2*n + 5*u. What is the highest common divisor of n and 391?
23
Suppose -4*v + 3*s - 7 = 0, 3*s - 3 - 12 = 0. Suppose -6 = -5*p - 2*g + 4, v*g = 0. Calculate the highest common factor of p and 10.
2
Let k(j) = j + 2. Suppose -4*z = -8*z - 88. Let x = 31 + z. Let h be k(x). What is the highest common factor of h and 44?
11
Let w = 1935 - 1933. Suppose 2*y + t - 11 = -0, -4*y - 3*t + 21 = 0. What is the highest common divisor of y and w?
2
Let p(u) = 24*u - 1016. Let l be p(43). Let i = 30 + 2. Calculate the greatest common factor of i and l.
16
Let t = -997 - -1529. Calculate the greatest common factor of 304 and t.
76
Suppose -9 = n + 3*s, 2*n = 3*s - 14 - 31. Let m be (n - -13)/(2/(-6)*1). Let f be 22*(-5)/(-4)*6. Calculate the greatest common factor of m and f.
15
Suppose 0 = 10*t - 9*t - 3. What is the greatest common factor of t and 5?
1
Let u(v) = 4*v + 2. Let z be u(5). Let s be ((-231)/z)/(2/(-4)). What is the highest common divisor of 14 and s?
7
Let f = -70 - -170. Suppose 4*r - 52 = f. What is the greatest common factor of 57 and r?
19
Let l(w) = -w**2 - 26*w + 1. Let t be l(-26). What is the greatest common divisor of t and 7?
1
Suppose 40*n - 6029 = 154531. Calculate the highest common factor of 18 and n.
18
Suppose 4*r - 2 - 8 = -5*a, a = 4*r + 2. Let x = -31 - -74. Let n = x - 33. Calculate the greatest common divisor of a and n.
2
Let b(x) = x**2 - 6*x - 73. Let n be b(-7). Calculate the greatest common factor of n and 306.
18
Let o(v) = v**2 - v + 18. Let g be o(-3). What is the greatest common divisor of 6 and g?
6
Let p be (-2)/(-3) + (-687)/(-9). Let a = 137 - p. Suppose -a = -5*q + q + 2*d, 0 = 2*q + 3*d - 46. Calculate the highest common divisor of q and 119.
17
Suppose 4*s - 137 = -i, 175 = 5*s - 0*i + 2*i. Let c = s - 10. Suppose -1910*l + 1899*l + 1012 = 0. Calculate the greatest common divisor of c and l.
23
Suppose 8*j - 207 = -55. Suppose 13 + j = 2*x. Suppose l + 3*l - 16 = 0, -x = -5*o + l. Calculate the greatest common divisor of o and 8.
4
Let a(o) = 3*o**3 - 5*o**2 - o - 1. Let p be a(2). Let k be -2*((-13)/6)/p*3. Calculate the greatest common divisor of k and 52.
13
Suppose -9*p + 29 = -70. Let b be 18/((4 - 0)/2). Suppose 0 = p*m - b*m - 280. Calculate the highest common divisor of m and 56.
28
Suppose 2*b = -b + 6. Suppose l = b*l - 44. What is the highest common factor of 66 and l?
22
Let b = 12 + -9. Let r be -10*3/(-12)*2. Suppose -m - b*m + 182 = r*f, -2*m - 4*f = -88. What is the highest common factor of 16 and m?
16
Let y be 6450/31 - 2/31. What is the greatest common divisor of 117 and y?
13
Suppose -268 - 548 = -17*c. Let u = 10 - 6. Suppose -5*a = -u*a - 32. Calculate the greatest common factor of a and c.
16
Suppose -20 = 4*j, -4*v + 6*v = 4*j + 3408. Calculate the highest common divisor of v and 14.
14
Let o = 3826 - 1789. Calculate the highest common factor of 21 and o.
21
Suppose -47*y + 140 = -40*y. What is the greatest common divisor of 80 and y?
20
Suppose 2*n - 131 - 13 = 0. Suppose 29*l - 23*l = n. What is the highest common divisor of l and 192?
12
Let l be 2484/28 + 20/(-28). What is the greatest common factor of l and 319?
11
Let r = -14893 + 15181. Let x = 28 + -10. Calculate the greatest common divisor of r and x.
18
Suppose -2*f - 2*f + 884 = 0. Let b = f + -45. Let j = 19 + -3. What is the greatest common factor of j and b?
16
Let b = 2560 - 879. What is the highest common divisor of b and 41?
41
Let k be 15/(1*(-1 + 0)). Let s(q) = q**3 + 16*q**2 + 14*q - 8. Let n be s(k). What is the greatest common factor of n and 56?
7
Suppose -6*c = -c + v - 24, 0 = -2*c - 4*v + 24. Suppose 215 = 4*k + c*y - 81, -4*k + 2*y + 272 = 0. What is the greatest common divisor of 14 and k?
14
Let a = -335 - -419. What is the highest common divisor of 72 and a?
12
Let b be (8172/45)/4 + (-2)/5. Let l = -1 + 3. Suppose 2*j = 2*n + 32, -l*j + 5*j - 2*n = b. What is the highest common divisor of j and 130?
13
Let a = 801 + -791. Calculate the greatest common divisor of 6 and a.
2
Let j = 496 + 16. Calculate the highest common factor of j and 16.
16
Let j be (10/(-3))/((-1)/3) - 3. Suppose -4*o - 17 = -101. What is the highest common divisor of j and o?
7
Suppose -2*r + 3*n = -93, 94 = 2*r + 15*n - 17*n. Let q = 0 - -3. Suppose -3 = -g + q. What is the highest common factor of g and r?
6
Let l(o) = 2*o**2 + 5*o - 4. Let k be l(-5). Suppose -18 = -5*b + 3*j, -5*b + 9*j + 11 = 13*j. Calculate the highest common divisor of k and b.
3
Suppose 0 = -3*a + 8*a - 15. Suppose -3*x = -a*i - 84, 4*x - 135 + 13 = -i. What is the greatest common factor of 12 and x?
6
Let j be 384/112*(-98)/(-4). Calculate the greatest common factor of 294 and j.
42
Let s be (-6)/(-48) - (2177/(-56) - 0). Calculate the greatest common divisor of 15 and s.
3
Let v = -1633 - -1639. What is the greatest common factor of 6 and v?
6
Suppose 7*o = 3*o - 416. Let s be o/(-39) + 4/(-6). Suppose 144 = -s*y + 5*y. Calculate the greatest common factor of 12 and y.
12
Suppose 0 = -4*r - 6 + 774. Let d = -112 + r. What is the greatest common divisor of 10 and d?
10
Suppose -3*c + 6 = g, -24 = -5*g + g - c. What is the highest common factor of g and 117?
3
Let r = -199 - -263. What is the highest common factor of r and 160?
32
Let r(v) = 5*v - 3*v**2 + 33*v**3 - 5*v + 7 - 2*v. Let d be r(2). What is the highest common factor of 51 and d?
51
Suppose 2*c + 0*c - 48 = -5*p, 4*c = 4*p + 40. Suppose g = 5*d - 1, g = 3*d - 0*d - 1. Let j = c + g. Calculate the greatest common factor of 13 and j.
13
Let y be (186/4 + 5)*1*2. Let a = y - 40. What is the greatest common divisor of 21 and a?
21
Suppose -4*b - 940 = -4*v, -349 + 1293 = -4*b + 3*v. Let j(d) = 6*d - 110. Let h be j(22). Let n = h - b. What is the greatest common divisor of 29 and n?
29
Suppose -3*w - 1522 = 302. Let c be w/(-10) - 8/10. What is the greatest common factor of c and 12?
12
Let p be (27/(-9))/((-3)/22). Suppose p*c = 327 + 25. Let f = -321 - -449. Calculate the greatest common factor of f and c.
16
Let k be 20 - (3 + (1 - -5)). Calculate the greatest common divisor of k and 4.
1
Suppose -4*z + 15 + 77 = 0. Let w = z - 14. What is the highest common divisor of w and 1?
1
Let g(o) = 4*o**2 - 10*o + 7. Let a(n) = -9*n**2 + 20*n - 13. Let x(i) = -6*a(i) - 13*g(i). Let y be x(-7). What is the highest common divisor of y and 75?
15
Let q = -1596 + 1611. What is the highest common divisor of q and 1005?
15
Let s = 0 + 5. Suppose -2*n + 3*n + s*m - 60 = 0, -2*m + 208 = 5*n. What is the greatest common factor of n and 30?
10
Let c be (-17296)/(-72) - 8/36. What is the greatest common factor of c and 30?
30
Let c = -4 + 32. Let s = 6 + 0. Suppose -21 = 3*w - s*w. What is the highest common divisor of c and w?
7
Let j(h) = 4*h - 10. Let v be j(4). Suppose 5 + v = m. Calculate the highest common factor of 88 and m.
11
Suppose 2*x + 4573 = 4*q + 1031, -4*q - 5*x + 3577 = 0. Calculate the greatest common factor of 12 and q.
12
Suppose 5*d + 796 - 1256 = 0. Calculate the greatest common divisor of 253 and d.
23
Let q be 9/15 + (-432)/(-5). Let d = q - 214. Let w be d/(-9) + (-1)/9. What is the highest common factor of w and 7?
7
Let s be ((-1)/2)/1*-4. Let h = s + -2. Suppose -2*a - 3 = -2*c + 47, -c + 2*a + 28 = h. Calculate the greatest common factor of c and 11.
11
Suppose 87*h - 101*h + 12